h = -297 + 778. Suppose 4*q = -50 - 54. Is (22/(-1))/(q/h) a prime number?
False
Let d(h) = 107*h - 2. Let i = 58 + -54. Suppose 0*n - 4*w - 1 = 5*n, w + i = 0. Is d(n) prime?
False
Let l = -280657 - -493484. Is l composite?
False
Let g be -7 + 9 - 5/1. Let y(c) = 4 - 18*c - 31*c - 11*c - 7*c. Is y(g) composite?
True
Is (-7 - 21)/(-7) - -30857 - -2 prime?
False
Let m = -4 - -14. Let h be 101 - (1 + m/(-2)). Is ((-401)/3)/(4 - 425/h) a composite number?
True
Suppose 0 = 4*r + 12, 4940 = g + 3*r - 5894. Let m = 9664 + g. Is m a prime number?
True
Let c(j) = -180*j + 29. Let v(b) = -40*b + 11 - 29*b - 21*b + 4. Let t(s) = 4*c(s) - 9*v(s). Is t(9) a prime number?
False
Suppose 0 = 2*a - 4*m + 14926, -2*a + 2*m - 14908 = 4*m. Let f = a - -11122. Is f a prime number?
False
Let q = 50512 - -111750. Is q composite?
True
Let u be ((-4)/6)/((12/(-13878))/1). Let c = 3514 - u. Is c composite?
True
Let w = -1064 - -8677. Is w a prime number?
False
Suppose -58*j + 62*j = -5*d + 303211, 0 = -4*d + 4*j + 242612. Is d composite?
False
Let b(f) be the second derivative of -f**5/20 - f**4/6 - 3*f**2/2 - 181*f. Is b(-10) prime?
True
Let l = -736924 - -1644203. Is l composite?
False
Suppose w = -6*m + m + 22, -142 = -3*w + 4*m. Suppose k - 3*k - 3*x = -w, 16 = 4*x. Suppose -14914 - 101531 = -k*o. Is o prime?
False
Suppose -22099 = -3*k - 1630. Is k a composite number?
False
Let u(p) = -5*p - 16. Let y be u(-7). Suppose 21*m - y*m = 72. Is (-10)/45 - (-39140)/m a composite number?
False
Let m(d) = 72*d + 922. Is m(21) composite?
True
Suppose -6 = -5*j - j. Let u be 1/(-2)*(-1 + j)/3. Is (4/6 - u)*1110/4 a prime number?
False
Suppose 0 = -0*d + 5*d - 60. Let i = d + -9. Suppose -i*s = 3*s - 1410. Is s composite?
True
Let m be (-6 + 1350/63)/(3/(-14)). Is 440596/36 + (-520)/m + -7 prime?
True
Let l be 8 + (0 - 1)*1. Let t(r) = -9*r + 295*r**2 - 3 - 267*r**2 + 31. Is t(l) a composite number?
True
Let m be 2*4/16 - 10/(-4). Suppose m*x + 92 = 290. Suppose 0 = 2*b - 2*q - 62, 4*q - 3*q + x = 2*b. Is b prime?
False
Suppose -4*z - 723 = -5*r + 3588, 0 = -3*z - 2*r - 3239. Let h = z - -2076. Is h a prime number?
True
Let z(d) = 2*d**3 - 2*d**2 + 10*d + 15. Let n be z(6). Suppose -323 = 434*m - n*m. Is m a prime number?
False
Let r(h) = h**3 + 8*h**2 + 11*h - 4. Let p be r(-6). Is p/(-9) + (-21012)/(-27) - 0 prime?
False
Suppose 2*m + 5*a - 1821475 = -3*m, -a = 2*a. Is m prime?
False
Suppose -18*l + 2034662 = -0*l - 1094764. Is l prime?
False
Suppose 13*a - 887923 + 122640 - 1123552 = 0. Is a a prime number?
False
Suppose 5*r = 4*b - 5, -3*b = 9 - 24. Suppose 118525 = 2*t - 5*l - 17096, -r*l = t - 67838. Is t prime?
False
Let s(i) = -3*i - 53. Let p(g) = g**2 + 19*g + 1. Let r be p(-18). Let c be s(r). Is (2*(2076/8 + c))/1 a prime number?
False
Suppose 220*d = 3*k + 218*d - 3, 5*d - 9 = 2*k. Is (-1 - k - 25)*-223 a composite number?
True
Let k(j) = -3*j + 20. Let w be k(6). Suppose -4*z + 4 = -w*z. Suppose -z*q + 6*q = 2*g + 806, 0 = 3*q - 5*g - 594. Is q prime?
False
Let l(p) = 834*p**2 - 9*p - 405. Is l(-28) a composite number?
True
Let p(s) = -499*s**2 + 161*s + 1. Let g(q) = 249*q**2 - 80*q. Let a(v) = 7*g(v) + 3*p(v). Is a(8) a prime number?
True
Let m be (1 + 0)/((-4)/79124). Let o = 29242 + m. Is o a composite number?
False
Let o(f) = 143*f. Let s = -35 - -65. Let b = s + -29. Is o(b) a composite number?
True
Let f(z) = -z + 20. Let u be f(2). Is 13430/90 - 4/u a composite number?
False
Suppose -10*l - 6 + 26 = 0. Suppose -l*q - 3*q + 3*t = -5060, -q - 3*t + 994 = 0. Is q prime?
True
Suppose 0 = 3*k - 5*b - 72856, k + 0*k - 24289 = -2*b. Is k a prime number?
False
Let d = 5 + 2. Is 7167 - (d - 1) - -8 a prime number?
False
Let q = 80 + -61. Suppose -a = -54 + q. Let t = a - -92. Is t a prime number?
True
Let l(g) = 1822*g**2 + 56*g - 29. Is l(-15) a prime number?
True
Suppose -2*p = f - 6, f = 4*p - 7*p + 11. Suppose -9 = -3*t, p*t + 6720 = -8*y + 11*y. Is y a prime number?
False
Suppose -10*w - 3 = -23. Let s(r) = -4*r**2 + r**3 + 5*r - 6 + 3 + 0*r**w. Is s(8) a composite number?
False
Suppose -5*u + 9*u - 4 = 0. Is (1 - (-3 + -3667))*u a composite number?
False
Let j = 45 - 90. Let x be 6/27 + 8290/j. Let m = 109 - x. Is m a composite number?
False
Let l = 71179 + 10416. Is l a prime number?
False
Let p be (2 + 0 + -1)*(4 + 9237). Let b = p - 3882. Is b a composite number?
True
Let s(m) = 4*m + 14. Let i be s(-3). Suppose 4*p - 8 = -w, -4*w + 58 = w + i*p. Is -2342*((-18)/w + 1/1) prime?
True
Let h(g) = 11*g**2 - 3*g - 7. Let q(k) = 2*k - 12. Let j be q(8). Suppose 32 - 16 = j*m. Is h(m) composite?
False
Let d be -1 + 4 - (-4 - (24 - -5)). Let x = 40 - d. Suppose -x*w - 235 = -9*w. Is w a composite number?
False
Let a = -272213 + 556680. Is a a composite number?
False
Is 1093985/10 - 403/(-62) a composite number?
True
Let j = -63614 + 289371. Is j prime?
False
Suppose -5*c - 1940 + 389 = -f, 15 = 5*c. Suppose -4*u + 5*w = -0*u + 4243, -12 = -4*w. Let z = f + u. Is z prime?
True
Let r be 1/(-2 - 15/(-9)) + 642. Let b = -1 - 2. Is (-1)/(b*3/r) composite?
False
Let f(p) = -23*p - 162. Let n be f(-7). Is n - (10/55 - 43434/33) a composite number?
True
Suppose 25*s - 425368 = 151707. Is s prime?
False
Let x be (4/12)/(1/6). Suppose 0 = 2*h - x*r - 2578, -33*h + 5*r + 1281 = -32*h. Is h composite?
False
Let v(p) = -31*p**3 - 9*p - 1. Suppose -9 + 41 = -8*d. Is v(d) composite?
True
Suppose -4*b = 2*q + 16 - 2, 3*b + 24 = 3*q. Suppose q*t = -2*t + 20515. Suppose 8*g - 3153 = t. Is g a composite number?
False
Let h be (-72)/40 + -1 - 1/5. Let u(w) = -2*w**3 - w**2 - 3*w + 3. Is u(h) a composite number?
True
Suppose 8110 = -5*i - 9025. Let j = 6032 + i. Suppose w = 6*w - j. Is w composite?
False
Suppose 18*s - 20*s + 1964 = 0. Let p = 1779 - s. Is p prime?
True
Suppose 138*h + 38*h - 37098915 - 54303341 = 0. Is h a composite number?
True
Let t = 54 + -61. Let v(x) = 14*x + 5. Let m be v(t). Let h = 56 - m. Is h composite?
False
Suppose -3 = v + 2*s - 4*s, 0 = -4*s + 8. Suppose 13357 = q - 2*a, -a + v = -4. Is q a prime number?
True
Is 62 - 71 - (-7)/((-14)/(-232532)) a prime number?
True
Let o = -820649 + 1411950. Is o prime?
True
Let m be (-13)/(-3) - 2/(-3). Let v(b) = -143*b - 286. Let j be v(-2). Suppose -4*l + 5*z + 4792 + 16740 = j, m*l = 3*z + 26915. Is l a prime number?
False
Let i(p) = 42*p**3 + 5*p**2 - 32*p + 15. Let o be i(5). Suppose 0 = -2*r + 4*t + o, 9913 + 3117 = 5*r + 5*t. Is r a composite number?
False
Let z = -108 - -113. Suppose -z*j = -59913 + 10438. Is j a composite number?
True
Suppose -2*h + 4*u + 216146 = 0, 972*h - u = 971*h + 108076. Is h a prime number?
True
Is 18001*18 - (160/64 - 27/(-6)) a composite number?
False
Is 6 - (9/81 + 2*(-19442568)/54) prime?
True
Let p(u) be the first derivative of 5*u**4/4 - 2*u**3 - 2*u**2 - u - 7. Let k be p(6). Suppose -k = -6*t - 101. Is t prime?
False
Let m(t) = -109159*t**3 - 2*t**2 + 2*t + 5. Let f be m(-1). Is ((-1)/1)/(5*(-8)/f) a prime number?
True
Let q = 2040 + -442. Suppose q = -6*i + 7400. Is i prime?
True
Suppose 17*f = 12*f. Suppose -16*l = -f*l - 364304. Is l composite?
False
Suppose -35 = -5*w - 2*j, 3*j - 6*j = 4*w - 35. Suppose -6083 = -w*a + 3*m, 0*a + 2*a = 4*m + 2422. Is a prime?
False
Let v = -11927 - -40834. Is v prime?
False
Is (-59)/826 - (-4476825)/42 composite?
False
Suppose 0 = 180*x + 117*x + 77*x - 173674754. Is x prime?
True
Is (-1)/((-1560)/3380 + 1401533/3036683) a composite number?
False
Let k = 10 + -15. Let i be 197 + -3 + k + 4. Suppose 2*p - 229 = i. Is p a prime number?
True
Let u = 54 - 28. Let i be ((-2)/(-2))/(13/u). Suppose 0 = i*m + m + 3, -3*m = 4*o - 569. Is o prime?
False
Let m(f) = f**2 + 14*f + 28. Let d be m(-12). Let u be (0 + 3)*3 - d. Suppose -5*b = -0*h - 5*h - 2175, u*h = b - 419. Is b composite?
False
Let n(o) be the second derivative of -2*o**3/3 + 19*o**2/2 - 13*o. Let j be n(4). Suppose -j*u - u + 2267 = r, 4*r - 1710 = -3*u. Is u composite?
True
Is (-1)/4*(0 + -14 - 552942) prime?
True
Let s(f) = 196*f**2 - 453*f - 7011. Is s(-16) composite?
True
Suppose -23*n = 4095417 - 9604331. Is n a composite number?
True
Let m = 63583 - -556854. Is m a composite number?
False
Let x = -41506 + 122005. Is x prime?
False
Let d = -64 - -104. Suppose -60578 = -d*